 3. Let j(l) be the first derivative of -l**2/2 + 4*l + 3. Let i(v) = -2*j(v) + 3*n(v). Calculate i(u).
-4
Let g(k) = -6*k**2 - 44*k - 21. Let m be g(-7). Let o(b) = b**3 + 7*b**2 - 4*b - 8. Give o(m).
20
Let m(f) be the first derivative of -f**7/840 + f**6/120 - f**4/8 + 38*f**3/3 - 37. Let y(q) be the third derivative of m(q). What is y(3)?
-3
Let j(y) = 2*y + 3*y**2 - 3 - 1 - 2*y**2. Suppose -221*r = -38*r + 549. Determine j(r).
-1
Let j = 15 - 6. Let s(x) = -x**3 + 4*x - 7 + 9*x**2 - 2*x + 0*x. Determine s(j).
11
Suppose 32*z - y = 30*z - 22, 0 = 4*y. Let g(l) = l**3 + 11*l**2 + 2*l + 6. Determine g(z).
-16
Let m(p) = -3*p - 1. Let y(c) = 5 + 18*c - 2*c + 5 - 4. Let k(q) = 11*m(q) + 2*y(q). Give k(6).
-5
Let x(m) = m - 9. Let u(i) = -i**2 + 7*i - 7. Let v be u(5). Let d(l) = -2*l + 18. Let y(p) = v*d(p) + 7*x(p). Give y(6).
-3
Let n be 0/((-9)/(-3)) + -3. Let q(l) be the first derivative of l**5/24 + l**4/8 + l**3/3 + 4. Let r(s) be the third derivative of q(s). What is r(n)?
-12
Let q(w) = w**2 + 28*w - 206. Let n be q(-34). Let h(s) = 16*s**2 - 2*s + 1. Calculate h(n).
69
Let h be 8/(-20)*3*-5. Let p(d) = 14*d + 7. Let v(m) = -12*m - 5. Let x(n) = 5*p(n) + 6*v(n). Give x(h).
-7
Suppose -2*y + 6 = -0*y. Let l(c) = c**3 + 2*c**2 + 3*c**3 + 4 - 3*c**3 + 0*c**y. What is l(-3)?
-5
Let f(x) = -2*x + 42. Let c(j) = -23. Let u(r) = -4*c(r) - f(r). Give u(0).
50
Suppose -1 = -0*c + 5*c + 2*b, c + 4*b = -11. Let u = c - 5. Let l(w) = -w**2. Let m(n) = n**3 - 4*n - 4. Let r(h) = -3*l(h) + m(h). Give r(u).
-4
Let z(a) = -10*a**2 - 3*a + 1. Let n(y) = -21*y**2 - 7*y + 2. Let g(p) = -2*n(p) + 5*z(p). Determine g(1).
-8
Let y(w) = -w**2 - 2*w + 1. Let t be y(-2). Let n(v) = 5*v**2 - t + 7*v**2 - 3*v**2. Suppose 6*i + 0*i = 6. Give n(i).
8
Let d(l) = -l**3 + l**2 + l. Let m = -13 - -33. Let i = m + -9. Suppose 2 = -i*r + 12*r. Give d(r).
-2
Let x(s) = -4*s + 145. Let g be x(38). Let t(d) = -2*d. Determine t(g).
14
Let l(q) be the first derivative of -3*q**2/2 + 3*q - 1. Let i(n) = -n**2 + 23*n + 52. Let u be i(25). Determine l(u).
-3
Let i(r) be the second derivative of 1/6*r**3 - 1/12*r**4 - 1/2*r**2 - 1/20*r**5 + 0 - 5*r. What is i(1)?
-2
Let h(d) = -5*d - 5 - d**2 - d**3 + 0*d**2 + 8*d**2 - 14*d**2. What is h(-5)?
-30
Let w(b) = b**2 - 11*b - 15. Let d(c) = c + 2. Let g(n) = -3*d(n) - w(n). Calculate g(8).
9
Let b(d) = 14 - 23*d + 10*d + 10*d. Give b(7).
-7
Let f be 6/(-6) + -1*3. Let p(u) be the first derivative of -3 - 1/3*u**3 - 5/2*u**2 - 6*u. Calculate p(f).
-2
Let r = 65 - 97. Let z = r + 35. Let d(p) = p**3 - p**2 - 4*p - 1. Calculate d(z).
5
Let d(t) = -t**3 + 6*t**2 - 3*t - 7. Let q be (-35)/(-14)*2 - -1. Calculate d(q).
-25
Let k(d) = d**2 + 9*d + 6. Suppose -t - 10 = -3*i, -5 = 3*t + 7. Let s = -18 + 24. Suppose i*a + s = -x - x, -33 = 4*x - 3*a. Determine k(x).
-12
Let r(w) = 4*w - 20*w**3 + 41*w**3 - 7*w**2 - w - 22*w**3 + 7. Suppose 0 = j + 3, 0 = 6*p - 2*p + j + 31. Give r(p).
-14
Let g(j) = 8*j - 1. Let a be (-12)/8*-2 + -12 + 11. Give g(a).
15
Let h be 0 + 2 - 9/(-3). Let s(q) = -h*q + 4*q - 2 + 6. Let b be -3*(2 + -1 - 3)*896/672. Give s(b).
-4
Let j(f) = -f**2 + 6*f - 10. Let a be ((-12)/10)/((-18)/(-5) + -4). Determine j(a).
-1
Let f(p) = 2*p**3. Suppose 4*s + 24 = -32. Let b = s - -25. Let r = 12 - b. Calculate f(r).
2
Let h(g) = -g - 16. Suppose 239*x - 78 = 245*x. Determine h(x).
-3
Suppose -5 = z + 4*g, 0*g + 19 = 4*z + 3*g. Let r(w) = 3*w**3 - 20*w**2 - 7*w + 4. Determine r(z).
4
Let b(q) = 3*q**3 - 12*q**2 - 7*q - 10. Let r(x) = -4*x**3 + 14*x**2 + 7*x + 9. Let a(m) = -3*b(m) - 2*r(m). Calculate a(9).
-6
Let h(t) be the third derivative of -9*t**2 + 0 + 1/24*t**4 + 1/3*t**3 + 0*t. Give h(3).
5
Let y(l) = 4 - l**2 - 6*l - 2*l - 2. Let v(c) = 232*c**2 - 470*c**2 - 40*c + 10 + 233*c**2. Let a(z) = -2*v(z) + 11*y(z). Determine a(-8).
2
Let x(z) = -17*z**3 + 4*z**2 - 10*z - 7. Let r(u) = -14*u**3 + 3*u**2 - 8*u - 6. Let o(d) = -6*r(d) + 5*x(d). Let y = -7 + 10. Determine o(y).
-14
Suppose 14*d = -33*d + 188. Let k(u) = 7*u. Determine k(d).
28
Let v = 39 + -45. Let f(s) = 0 - 2*s**3 + 3*s**3 + 3 + 7*s**2 + 9*s - s. What is f(v)?
-9
Let t(x) = -14*x. Suppose 48*c + 22 = -74. What is t(c)?
28
Let u(p) = -3*p**2 + 2*p - 3. Let o be 23/3 - (-2)/(-3). Let f(k) = 5*k**2 - 3*k + 7. Let l(c) = o*u(c) + 4*f(c). Let d be 7 + -8 + (0 - -6). Calculate l(d).
-8
Let w(z) = -z**2 + 14*z + 13. Let b be w(14). Let a be 3 - (-3 + b)/(-5). Let c(h) = h**3 - 5*h**2 - 4*h + 6. Determine c(a).
-14
Let r(u) = u**3 - u**2 - 1. Let i(g) = 5*g**3 - 4*g**2 - 3*g - 3. Let h(z) = i(z) - 6*r(z). Suppose 12 = 3*c + 2*p, 0 = c + 4*p - 9 - 5. Give h(c).
-3
Let a(t) = -2*t**2 - 2*t + 6. Let p be 1 - 6/15 - (-17)/5. Determine a(p).
-34
Suppose -2*j + 5*g = -4*j - 62, 5*j + 190 = 5*g. Let n = j - -33. Let o(c) = 2*c + 2. Give o(n).
-4
Let k(v) = -v + 14. Suppose 16*n + 96 = 32*n. Determine k(n).
8
Let u(z) = z**3 + 7*z**2 - 8. Suppose 5*n = b + b - 220, -b + 133 = -3*n. Let f = n + 39. Calculate u(f).
-8
Suppose -2*d + s = -7*d, 0 = -4*d - 2*s. Let n(u) = 0*u**3 - u**2 + 14 - u**3 - 10875404*u + 10875405*u. Determine n(d).
14
Let q(v) be the first derivative of v**2/2 + 12*v + 13. Calculate q(11).
23
Let x(u) = -6*u + 30. Let r(m) = -5*m + 22. Let g(f) = -4*r(f) + 3*x(f). Calculate g(4).
10
Let x(i) = i**3 - 7*i**2 + i + 9. Suppose w - 36 = -3*p - 2*w, -p + w = -2. Give x(p).
16
Let t(d) = -d**3 + 3*d**2 - d - 1. Let o = -15 + 14. Let k = o - -16. Let h = -13 + k. What is t(h)?
1
Let m(y) be the first derivative of -y**4/4 + 11*y**3/3 + 7*y**2 - 15*y - 237. Calculate m(12).
9
Let c(g) = -10*g**2 + 1. Let h(i) = -27*i**2 + 3. Let j(n) = -8*c(n) + 3*h(n). Calculate j(3).
-8
Let v(t) = -4 - 4*t**2 + 5 + 4*t**2 + 0 + t**2 - 6*t. Give v(5).
-4
Suppose 0 = 13*p + p - 42. Let g(z) be the first derivative of z + 7 - 4*z**2 + 1/3*z**p. Give g(7).
-6
Let w(y) be the second derivative of -7*y**6/60 - y**5/30 + y**3/6 - 7*y**2 + y. Let r(v) be the first derivative of w(v). Give r(-1).
13
Let d be 18/(-108)*(-1 + -17). Let h(n) = -5*n + 0*n - 2 + 3*n. Give h(d).
-8
Let x(t) = 2*t + 7. Suppose 2*v = 3*v - 3*n - 17, 27 = v - 5*n. Let g be (56/(-16))/(v/4). What is x(g)?
-7
Let n be (-2)/(-1 + (-1)/(-3)). Let s(d) = 2 - 26661*d + 26659*d - 1. Give s(n).
-5
Let y(a) = -52*a - 217. Let c be y(-4). Let n(k) = -k**3 + 5 - 1 - 8*k**2 + 9*k + 2. Determine n(c).
6
Let h(n) = -3*n + 6. Let t be h(2). Let q(k) = -k**2 + 0*k + 2*k**2 - k - 1 + t. Determine q(-2).
5
Let z(u) be the third derivative of -u**5/60 - u**4/4 + 10*u**3/3 + 2*u**2 - u. Give z(-11).
-35
Let i(g) be the third derivative of -g**6/120 - g**5/10 + 7*g**4/24 - g**3 - g**2. Suppose 3*o + 3*q + 45 = 0, -5 = -37*o + 40*o - 2*q. Calculate i(o).
-6
Let i(l) = -4*l - 4*l - 56 - 58 + 118. What is i(4)?
-28
Let b(y) = 22980*y - 11477*y + 1 - 11506*y + 3. Suppose 10 - 30 = 5*w. Calculate b(w).
16
Let f(n) be the first derivative of n**4/6 + n**3/3 + 17*n**2/2 + 1. Let i(w) be the second derivative of f(w). Calculate i(-5).
-18
Let o(w) = 2 - 3*w + 7*w - 5*w + 2. Give o(-6).
10
Let k = -2 - -5. Let s(u) = u**2 + k - 2*u + 3*u + 0. What is s(0)?
3
Let f(k) = 94*k**2 - 3*k + 3. Let p(n) = 63*n**2 - 2*n + 2. Let b(a) = 5*f(a) - 7*p(a). What is b(1)?
29
Let x(z) = -z**3 + 2*z**2 + z - 2. Let i be x(2). Let j(c) = i + 6 - c - 2. Let b = 48 + -43. Determine j(b).
-1
Let w(l) = -l**2 - 2*l + 6. Let m be w(-3). Let c(n) = n**2 - m*n - 2*n + 256 - 256. Determine c(5).
0
Let n(m) = -40*m + 64*m - 4 - 20*m. Let v = 5 + -9. Determine n(v).
-20
Let l(t) = t**2 - 7*t + 14. Let h be l(4). Suppose -3*z + 22 = h*s - 8*z, 5*z - 8 = -3*s. Let j(x) = 2*x - 1. Determine j(s).
11
Let f be ((-6)/(-9))/((-6)/63). Let t = f + 16. Let n(r) = -r + 16. What is n(t)?
7
Let s be 1/2*(19 - 31). Let m(u) = -3*u - 10. What is m(s)?
8
Suppose -s - 2*y + 5*y = 0, -2*s - 9 = 3*y. Let r(l) = 7*l. Give r(s).
-21
Let l = -6 + 3. Let s be 8*((-2 - -4) + -1). Let y(t) = -t**2 + 2*t - 2. Let p(f) = 3*f**2 - 5*f + 5. Let v(u) = s*y(u) + 3*p(u). Determine v(l).
5
Let p(a) be the second derivative of a**7/2520 + a**6/360 - 7*a**4/6 - 4*a. Let d(r) be the third derivative of p(r). Calculate d(-5).
15
Suppose 0 = -5*k - 4*b + 39, -4*k + k - 2*b = -25. Let g = -8 + k. Suppos